he ten thousands digit of 886988195?
8
What is the units digit of 245730155?
5
What is the hundred thousands digit of 946717883?
7
What is the tens digit of 4311227650?
5
What is the ten thousands digit of 430440028?
4
What is the hundred thousands digit of 64267750?
2
What is the hundred millions digit of 235768126?
2
What is the tens digit of 100925568?
6
What is the hundred millions digit of 2433332260?
4
What is the millions digit of 972293770?
2
What is the ten thousands digit of 128112744?
1
What is the billions digit of 2188030276?
2
What is the units digit of 44069885?
5
What is the hundreds digit of 56803827?
8
What is the ten thousands digit of 362579023?
7
What is the units digit of 5394874450?
0
What is the hundred millions digit of 793156135?
7
What is the millions digit of 37703957?
7
What is the thousands digit of 415842232?
2
What is the units digit of 83216633?
3
What is the billions digit of 1722366709?
1
What is the ten thousands digit of 242149646?
4
What is the units digit of 221135826?
6
What is the hundreds digit of 26402913?
9
What is the millions digit of 5289771?
5
What is the tens digit of 42684699?
9
What is the hundred thousands digit of 88127445?
1
What is the tens digit of 430161054?
5
What is the millions digit of 106068994?
6
What is the tens digit of 18975781?
8
What is the hundred millions digit of 676887625?
6
What is the tens digit of 42433498?
9
What is the thousands digit of 207459943?
9
What is the hundred thousands digit of 170703467?
7
What is the thousands digit of 96376309?
6
What is the ten millions digit of 1526032546?
2
What is the millions digit of 22825230?
2
What is the ten thousands digit of 2571893?
7
What is the hundred millions digit of 577898009?
5
What is the ten millions digit of 336905195?
3
What is the millions digit of 49218228?
9
What is the tens digit of 2522724631?
3
What is the billions digit of 1189891379?
1
What is the thousands digit of 4737945244?
5
What is the ten millions digit of 550688370?
5
What is the units digit of 13733633?
3
What is the thousands digit of 19170696?
0
What is the thousands digit of 130991190?
1
What is the ten thousands digit of 12254028?
5
What is the millions digit of 284909317?
4
What is the ten millions digit of 13271283?
1
What is the thousands digit of 1030693701?
3
What is the millions digit of 3549269481?
9
What is the ten thousands digit of 95430491?
3
What is the tens digit of 211320624?
2
What is the hundred thousands digit of 119491330?
4
What is the hundreds digit of 8676908?
9
What is the hundred thousands digit of 244418254?
4
What is the hundreds digit of 295520929?
9
What is the units digit of 14254339?
9
What is the thousands digit of 4693675761?
5
What is the hundred millions digit of 3414907345?
4
What is the hundreds digit of 135734064?
0
What is the hundred thousands digit of 31051945?
0
What is the ten thousands digit of 309727290?
2
What is the hundreds digit of 109959662?
6
What is the hundreds digit of 6650708868?
8
What is the units digit of 7330635?
5
What is the thousands digit of 107419027?
9
What is the millions digit of 287341292?
7
What is the hundred thousands digit of 43556058?
5
What is the millions digit of 425666863?
5
What is the millions digit of 100685310?
0
What is the hundred thousands digit of 24601049?
6
What is the ten millions digit of 963145811?
6
What is the tens digit of 12932829?
2
What is the ten millions digit of 111202594?
1
What is the thousands digit of 1747175791?
5
What is the millions digit of 280056175?
0
What is the thousands digit of 360885652?
5
What is the ten millions digit of 739409124?
3
What is the hundreds digit of 169258368?
3
What is the thousands digit of 43996385?
6
What is the units digit of 114124006?
6
What is the tens digit of 32201778?
7
What is the ten thousands digit of 220448241?
4
What is the ten millions digit of 63046276?
6
What is the tens digit of 31092076?
7
What is the units digit of 100437533?
3
What is the units digit of 98489794?
4
What is the hundred thousands digit of 298404397?
4
What is the millions digit of 139329426?
9
What is the thousands digit of 589274230?
4
What is the ten millions digit of 254618858?
5
What is the tens digit of 1669646601?
0
What is the hundred millions digit of 232263386?
2
What is the tens digit of 2823362473?
7
What is the tens digit of 458436020?
2
What is the millions digit of 8198050?
8
What is the thousands digit of 641197024?
7
What is the millions digit of 121089707?
1
What is the hundreds digit of 2394457110?
1
What is the millions digit of 79768737?
9
What is the hundreds digit of 1176331246?
2
What is the thousands digit of 64342840?
2
What is the hundred thousands digit of 160699965?
6
What is the thousands digit of 695792152?
2
What is the hundred millions digit of 111034256?
1
What is the units digit of 41030706?
6
What is the hundreds digit of 592213873?
8
What is the ten millions digit of 29357718?
2
What is the units digit of 898962076?
6
What is the millions digit of 43172001?
3
What is the tens digit of 306735757?
5
What is the millions digit of 283247980?
3
What is the hundreds digit of 8542214?
2
What is the ten thousands digit of 158723261?
2
What is the hundreds digit of 1459991792?
7
What is the millions digit of 202030371?
2
What is the millions digit of 155362296?
5
What is the tens digit of 65534470?
7
What is the thousands digit of 107899764?
9
What is the ten thousands digit of 385320875?
2
What is the units digit of 1615332959?
9
What is the thousands digit of 214697432?
7
What is the ten thousands digit of 856966466?
6
What is the hundreds digit of 132333701?
7
What is the ten millions digit of 862457523?
6
What is the thousands digit of 267214627?
4
What is the hundreds digit of 53701292?
2
What is the tens digit of 302624416?
1
What is the ten millions digit of 382613448?
8
What is the tens digit of 749261973?
7
What is the hundred thousands digit of 17479229?
4
What is the ten thousands digit of 1389892844?
9
What is the hundred thousands digit of 1285345178?
3
What is the hundred thousands digit of 561027216?
0
What is the tens digit of 306788610?
1
What is the hundreds digit of 95803525?
5
What is the tens digit of 2862890405?
0
What is the hundred thousands digit of 176801190?
8
What is the billions digit of 4700992451?
4
What is the hundred thousands digit of 28791610?
7
What is the hundreds digit of 824870489?
4
What is the millions digit of 140161047?
0
What is the millions digit of 124299157?
4
What is the hundred thousands digit of 56551242?
5
What is the units digit of 59621775?
5
What is the units digit of 424351654?
4
What is the hundred millions digit of 159727809?
1
What is the thousands digit of 317787731?
7
What is the millions digit of 119398153?
9
What is the ten millions digit of 155087837?
5
What is the thousands digit of 21825756?
5
What is the units digit of 1415534951?
1
What is the ten thousands digit of 66652119?
5
What is the ten millions digit of 44219535?
4
What is the tens digit of 280266850?
5
What is the ten millions digit of 2035743760?
3
What is the hundred millions digit of 166547532?
1
What is the units digit of 232049132?
2
What is the ten thousands digit of 682943781?
4
What is the millions digit of 12725329?
2
What is the tens digit of 36596381?
8
What is the tens digit of 3043663008?
0
What is the thousands digit of 27646419?
6
What is the thousands digit of 11892181?
2
What is the units digit of 91067235?
5
What is the units digit of 572439612?
2
What is the tens digit of 709861033?
3
What is the hundred thousands digit of 186360264?
3
What is the hundred thousands digit of 604990470?
9
What is the units digit of 20543626?
6
What is the hundreds digit of 1388138842?
8
What is the hundreds digit of 756194505?
5
What is the hundreds digit of 249812536?
5
What is the ten thousands digit of 74231516?
3
What is the tens digit of 1079690406?
0
What is the tens digit of 87942536?
3
What is the ten thousands digit of 134110751?
1
What is the millions digit of 286210150?
6
What is the hundreds digit of 31896407?
4
What is the millions digit of 31447829?
1
What is the tens digit of 366058088?
8
What is the ten millions digit of 212430600?
1
What is the thousands digi